 is 48 + (-9 + (11 - 34) + 16 - -18)?
50
1 - -110 - (24029 - 23915)
-3
Evaluate 1 + 8 - (2 + -4 + (-7 - 0)).
18
What is the value of -13 - ((-45 - -12) + 14) - (-4 + 41)?
-31
What is the value of 14 + (23 - (20 - -39))?
-22
Evaluate -59 + (6 - (1 - 2) - -5 - (-6 - -30)).
-71
What is the value of 5851 - 5687 - (1 + 105)?
58
Evaluate -9 + -1 - -1 - (-13 - (2 - (-11 + 31))).
-14
15 + -23 + (-2 - (-7 - -5)) + -31 + 2
-37
What is (80 - 27) + -30 - 19 - 14?
-10
What is the value of 1 + 29 - (-59 + 27 + 31) - 8?
23
What is the value of -7 + 29 + (1 + 3 - 45)?
-19
111 - (4 + 17 - (154 - 158))
86
Calculate 20 + -7 - ((-8 - -20) + -18 + -3).
22
What is the value of 4 + (16 - 17) - 7 - 32?
-36
What is the value of 6 - -1 - ((12 - (-4 + -142)) + (-12 - 10))?
-129
What is the value of -64 + (-22 - (-18 - 19) - -18)?
-31
What is (-67 - -87) + -25 + (0 - -6) - 30?
-29
Evaluate -177 + 294 + (-9 + 1 - (-7 - -4)).
112
What is the value of -8 - (-10 + 11 + (20 - 9) - 12 - -26)?
-34
Calculate (-6 + 3 - -1) + (0 - (-17 + -16)) - -5.
36
(-18 - 64) + 49 - -31 - (1 + -36 - -2)
31
What is 24 - 111 - (27 - 67)?
-47
What is 39 + -38 - (1 + 2) - (92 - 34)?
-60
What is the value of -16 + -3 + 13 + 3 - -31?
28
15 - 0 - ((2 + -2 - 5) + 14 - 3)
9
What is the value of (34 - -12) + -116 - -113?
43
113 + (0 - -7) + 18 + (0 - -3) + -32
109
59 + -25 + 70 + -80
24
What is the value of (-35 - 0 - (19 - 91 - -48)) + -11?
-22
-60 - 11 - -15 - -73
17
7 + ((4 - 2 - 2) + (-11 - 38) - 11)
-53
Evaluate 15 - -17 - (0 - -34).
-2
-19 - (-23 + 15 - 31 - 21)
41
Calculate 0 + 0 + (72 - 79) + -11 + -2.
-20
Evaluate -119 - ((43 - 22) + -98).
-42
Evaluate -35 + (29 - (5 - 35)).
24
What is the value of (-25 + 13 - 5) + -3 - 16?
-36
What is the value of 23 + (-27 + 15 - -11 - -2)?
24
Evaluate 80 - ((8 - ((-8 - -10) + 6 + 8)) + 4).
84
What is the value of 10 + -9 + 28 + (2 - 4) + -55?
-28
What is 0 + (3 - -19) + (210 - 178)?
54
(-158 - -143) + (-7 - -14) + -4 + -45
-57
What is -9 + 4 + 22 + 0 + 21?
38
What is the value of 17 + (-8 - ((44 - 40) + -26 + 3))?
28
Evaluate 136 + -146 + 1 + -2 + -10 - 8.
-29
-28 - (13 + -51 - -17) - 2 - 57
-66
What is the value of 54 + -41 + 11 + 24?
48
-5 + 13 + 63 + 1 + (-10 - (15 - 18))
65
What is 3 + -26 + -41 + 7 + 2 + -1 + 9?
-47
Calculate -5720 + 5768 - (1 + 64).
-17
What is the value of (-8 - (31 - 14)) + -37 + 26?
-36
-3 + 8 - ((-4 - -4 - (9 + 7)) + 28)
-7
Calculate -9 + (-16 + 34 + 23 - 12).
20
Calculate 50 + (-137 - -23) + -6.
-70
Evaluate 2 + 26 + -12 + -35 + (4 - -1).
-14
Evaluate -12 - (5 + (-3 - (9 - 9)) + -7) - -11.
4
Evaluate 37 - 0 - (245 + -100 - 125).
17
Calculate 43 + 3 - ((335 - 325) + (0 - (-7 - -1))).
30
What is (108 - 85) + (-7 - 4) - 25?
-13
What is (-3 - 30 - 21) + 71?
17
Evaluate (-82 - (-96 + 42)) + -2 + 11.
-19
Evaluate (-37 - -84) + -3 + -3 + -3 + (-1 - -1).
38
(-2 - 5 - (-199 - -190)) + -2 + 99
99
What is -14 + 21 - (2 - (11 + -37))?
-21
Calculate 301 + -328 - (-2 - (-37 + 9)).
-53
Evaluate -15 + 36 + 462 + -393.
90
What is 2 - -3 - (2 + -2) - (760 + -797)?
42
Calculate (35 - 63) + 12 - (2 + -65).
47
Calculate -10 + (-42 + 68 - 22 - (1 - -5)).
-12
What is 46 + 0 - 1 - (-37 - (-9 - (76 - 36)))?
33
-9 + (-10 - (-8 - (-6 + 16))) + -15
-16
Calculate (17 - (-2 + -14 - -17)) + -83.
-67
Calculate -75 + 18 + (-32 - (-8 - 4)) - 20.
-97
What is -9 + (0 - -73) - ((-19 - -4) + 28)?
51
Evaluate (27 - -27) + -41 - 7.
6
-515 + 490 - ((-5 - -4) + 3)
-27
-6 + 0 + -32 + 139 + -119
-18
What is -2092 + 2086 + (-2 - (-2 - (-1 - 2)))?
-9
What is the value of 7 + (-147 - -57) + 143?
60
Evaluate (-183 - -197 - (-3 + 1 + 1)) + 0.
15
What is -44 + 85 + -104 + (-11 - 3)?
-77
Calculate -934 + 896 - (-1 + -1 + -4 + 4).
-36
What is the value of (2 - -1) + -122 + 106 - 19?
-32
Evaluate (1 - -11) + -4 + (32 - (12 + -5 + 8)).
25
What is 38 + 84 + -132 + 85?
75
Calculate (7 - (-24 - -71)) + 70 + -14 + -1.
15
What is -13 + -1 + (32 - 41) - (123 - 61)?
-85
What is (1 - (-2 + 26) - -1) + 1012 + -1014?
-24
What is 35 - ((-4 - (10 + -16) - 12) + 21)?
24
What is -4 + (-16 + 54 - 20)?
14
Calculate -43 + (30 - 55) + 44.
-24
Calculate -39 - (-9 + 45 + -71 + 12).
-16
Evaluate -11 + (94 - 43) + -1.
39
What is the value of -1 + 140 + 0 + 63 + (-26 - 26) + -12?
138
(-107 - (-128 + 17)) + (0 - (0 - 56))
60
What is the value of (104 - (88 - 21)) + 43?
80
What is the value of 218 - 266 - (27 + 1 + -14)?
-62
What is the value of 49 - (75 + (-114 - -59))?
29
Calculate -10 + 1 + (-14 - (29 - 59 - -8)) - -50.
49
-92 + -1 + -18262 + 18311
-44
What is -362 + 379 + (-46 - -1)?
-28
Calculate 7 + (3 - (-112 + 14)) + (-36 - -42).
114
-38 - (1 - 2) - (-67 - -113 - (48 + 3))
-32
Calculate 0 - -12 - (0 + 1 + (-26 + 9 - -14)).
14
Calculate (-8 - -3) + (-6 - 0) + (-18 - 1).
-30
18 + 1 - (-230 + 246) - (-25 + -2)
30
What is -1 - (7 + (-19 - 2 - 53))?
66
What is 101 + -44 + 24 + -37 + 21?
65
-40 + -11 + -11 + 4 - 27
-85
Calculate 761 + -747 - (1 + -1 + 27).
-13
-16 + (8 - -19 - (-19 + 9))
21
10 - ((-7 - 35 - -27) + -16)
41
What is the value of 9 + (-5 - -31 - 29 - (-10 - (-2 + 3)))?
17
-263 - -300 - (3 - 30 - -7)
57
What is the value of (8 + -3 - (-52 - -76)) + -6 + -11?
-36
Calculate (2 - 4) + -58 - (-8 - (-55 - -29)).
-78
What is the value of (41 - 4) + 1 + 49 + -25?
62
Calculate 33 + (0 - 10) - (4 + -2 - (4 + 2)).
27
What is the value of -3 - (-48 - (4 - (-2 - 11 - -28)))?
34
Calculate (-13 - 20 - 9) + (-1 - (-3 + -1 + 0)).
-39
Calculate 4 - (7 - 16) - -6 - (13 - 0).
6
Calculate -69 + (31 - 19) + (8 - -5) + 0 - 13.
-57
What is 4 - 7 - 51 - (-363 - -356)?
-47
What is (2 + -1 - ((-15 - 51) + (8 - -14))) + -3?
42
Calculate (-70 - ((11 - -10) + 1)) + 23.
-69
-105 + 54 - (-21 + 14)
-44
Evaluate (-1 - 7) + (-9 + 31 - 35 - -30) + -126.
-117
Evaluate (1 + -1 - -10) + -195 + 148 + (-4 - -52).
11
What is the value of (40 - (-58 + 26)) + -95?
-23
What is the value of -56 + -51 + 138 + 23?
54
What is 6 - (24 + -36 + -7 + 10)?
15
Calculate (-33 - (47 + -56)) + 12 + 0.
-12
Evaluate -940 - -1021 - (-4 - 7).
92
312 + -230 - (-1 + 113)
-30
(1 - 4) + 1 + (-11 - -16) + 57 + -14
46
Calculate -1 + 60 + 128 + -163 - 77.
-53
What is (-33 - -44) + 24 + -21?
14
Evaluate 11689 - 11715 - (-2 + (13 - (0 + -1))).
-38
What is (-72 - -118 - 1) + (5 - (0 - 0))?
50
Calculate 56 - (7 + 5 + (-1 - (23 + -18))).
50
-179 - -139 - (-45 + -1) - -122
128
Evaluate -220 + (55 + -43 - -105).
-103
What is the value of 5 - (-95 + (10 - 50 - -65))?
75
What is 126 + -99 - (-72 - (3 - 9))?
93
Evaluate -5 - (-15 + (6 + -17 - (-16 - (-9 + 2)))).
12
(112 - 17 - 14) + -23 - (7 - 4)
55
What is the value of 18 + 2 + -14 - (1 - -6) - -3?
2
What is (-76 - -133) + -150 + 145?
52
What is (144 - 95) + (-11 - 93) - 5?
-60
Calculate -63 + (7 - -51) + -22.
-27
What is the value of -7 + (162 - 98) + (-4 - -2 - -4 - 15)?
44
Calculate (4 - 81) + -39 + 27 + 3.
-86
Evaluate -48 - (37 + 43 + -177).
49
What is the value of (20 + 50 - (-1 - 3)) + (15 - 2) + -12?
75
What is the value of (97 - (46 - -72)) + 0 + 5 - 43?
-59
What is -152 - (0 - 38 - -2 - (3387 + -3399))?
-128
Evaluate (-29 - (22 - -21)) + 36.
-36
41 + -8 + -10 + (253 - 205)
71
Evaluate 7 - (9 + -17 + (12 - (-2 - -9))) - -44.
54
What is the value of -1 + -7 + 75 + -8 + -20 + -1?
38
Calculate 117 - (-177 + 75 + 120).
99
-91 - (-133 + 47) - (3 - -10)
-18
What is the value of (162 - -6) + 569 + -753?
-16
-66 - ((2 + -18 - -4) + 9 + -2)
-61
What is 12 + 22 + (-15 - (-4 - (-4 + 6)))?
25
Calculate -1 + (2 + 36 - (44 + 2 + -40)).
31
133 + -55 - 79 - (2 + 1 - 7)
3
What is the value of -21 + 56 + -15 + 18 - 27?
11
Evaluate -1 - (-13 + (-61 + 17 - -12)).
44
Evaluate 44 - ((-8 - 4) + 3 + 8 + 5).
40
Evaluate -2 + 27 - (-65 + (153 - 59)).
-4
41 + (2 + 10 - -11) + -14 - 9
41
Evaluate -34 + 60 + (20 - (-41 - -82)).
5
-4 + 8 + -1 - -37 - (46 + (-13 - 25))
32
What is the value of (10 + -83 - -45) + 52 + 2?
26
What is the value of 1 + 19 - (-983 - -987)?
16
Calculate -1973 + 1999 - (0 - -59).
-33
What is the value of -47 + 5 + -5 - (-46 + 44) - -2 - 10?
-53
1 - (15 + (-9 - -10) - (66 + -6 + 2))
47
What is the value of -3 + -1 - (126 + -115 - (1 - -23))?
9
What is -2 + 646 + -643 + (9 - (0 + (2 - 1)))?
9
(-8 - 68 - (167 + -189)) + (2 - (-9 - -3))
-46
-76 - (-82 + (-33 - -71))
-32
Calculate 151 - 171 - (7 - (-42 - -2) - -2).
-